{"id":16,"date":"2025-05-20T13:33:28","date_gmt":"2025-05-20T13:33:28","guid":{"rendered":"https:\/\/dev.midiasim.net.br\/opensolutions\/?page_id=16"},"modified":"2025-10-06T01:49:15","modified_gmt":"2025-10-06T01:49:15","slug":"contato","status":"publish","type":"page","link":"https:\/\/dev.midiasim.net.br\/opensolutions\/contato\/","title":{"rendered":"Contato"},"content":{"rendered":"\t\t<div data-elementor-type=\"wp-page\" data-elementor-id=\"16\" class=\"elementor elementor-16\" data-elementor-post-type=\"page\">\n\t\t\t\t<div class=\"elementor-element elementor-element-b90f8c8 e-flex e-con-boxed e-con e-parent\" data-id=\"b90f8c8\" data-element_type=\"container\" data-settings=\"{&quot;background_background&quot;:&quot;classic&quot;}\">\n\t\t\t\t\t<div class=\"e-con-inner\">\n\t\t\t\t<div class=\"elementor-element elementor-element-8b5b4c8 elementor-widget elementor-widget-heading\" data-id=\"8b5b4c8\" data-element_type=\"widget\" data-widget_type=\"heading.default\">\n\t\t\t\t\t<h1 class=\"elementor-heading-title elementor-size-default\">Contato<\/h1>\t\t\t\t<\/div>\n\t\t\t\t<div class=\"elementor-element elementor-element-89d46f7 elementor-widget__width-initial elementor-widget elementor-widget-heading\" data-id=\"89d46f7\" data-element_type=\"widget\" data-widget_type=\"heading.default\">\n\t\t\t\t\t<h2 class=\"elementor-heading-title elementor-size-default\">Temos uma equipe t\u00e9cnica e <span style=\"color:#9FBEE3\">preparada para atend\u00ea-lo(a)!<\/span><\/h2>\t\t\t\t<\/div>\n\t\t\t\t\t<\/div>\n\t\t\t\t<\/div>\n\t\t<div class=\"elementor-element elementor-element-4650b18 e-flex e-con-boxed e-con e-parent\" data-id=\"4650b18\" data-element_type=\"container\" data-settings=\"{&quot;background_background&quot;:&quot;classic&quot;,&quot;sticky&quot;:&quot;top&quot;,&quot;sticky_offset&quot;:89,&quot;sticky_offset_tablet&quot;:70,&quot;sticky_offset_mobile&quot;:80,&quot;sticky_on&quot;:[&quot;desktop&quot;,&quot;tablet&quot;,&quot;mobile&quot;],&quot;sticky_effects_offset&quot;:0,&quot;sticky_anchor_link_offset&quot;:0}\">\n\t\t\t\t\t<div class=\"e-con-inner\">\n\t\t\t\t<div class=\"elementor-element elementor-element-53f5365 elementor-align-left elementor-widget elementor-widget-breadcrumbs\" data-id=\"53f5365\" data-element_type=\"widget\" data-widget_type=\"breadcrumbs.default\">\n\t\t\t\t\t<p id=\"breadcrumbs\"><span><span><a href=\"https:\/\/dev.midiasim.net.br\/opensolutions\/\">In\u00edcio<\/a><\/span><\/span><\/p>\t\t\t\t<\/div>\n\t\t\t\t\t<\/div>\n\t\t\t\t<\/div>\n\t\t<div class=\"elementor-element elementor-element-71045a4 e-flex e-con-boxed e-con e-parent\" data-id=\"71045a4\" data-element_type=\"container\">\n\t\t\t\t\t<div class=\"e-con-inner\">\n\t\t<div class=\"elementor-element elementor-element-6d81620 e-con-full e-flex e-con e-child\" data-id=\"6d81620\" data-element_type=\"container\">\n\t\t\t\t<div class=\"elementor-element elementor-element-97cba71 elementor-widget elementor-widget-heading\" data-id=\"97cba71\" data-element_type=\"widget\" data-widget_type=\"heading.default\">\n\t\t\t\t\t<h3 class=\"elementor-heading-title elementor-size-default\">E-mail<\/h3>\t\t\t\t<\/div>\n\t\t\t\t<div class=\"elementor-element elementor-element-c338967 elementor-widget elementor-widget-heading\" data-id=\"c338967\" data-element_type=\"widget\" data-widget_type=\"heading.default\">\n\t\t\t\t\t<p class=\"elementor-heading-title elementor-size-default\">contato@opensolutions.net.br<\/p>\t\t\t\t<\/div>\n\t\t\t\t<div class=\"elementor-element elementor-element-b3f07dc elementor-widget-divider--view-line elementor-widget elementor-widget-divider\" data-id=\"b3f07dc\" data-element_type=\"widget\" data-widget_type=\"divider.default\">\n\t\t\t\t\t\t\t<div class=\"elementor-divider\">\n\t\t\t<span class=\"elementor-divider-separator\">\n\t\t\t\t\t\t<\/span>\n\t\t<\/div>\n\t\t\t\t\t\t<\/div>\n\t\t\t\t<div class=\"elementor-element elementor-element-9ce1e9d elementor-widget elementor-widget-heading\" data-id=\"9ce1e9d\" data-element_type=\"widget\" data-widget_type=\"heading.default\">\n\t\t\t\t\t<h3 class=\"elementor-heading-title elementor-size-default\">WhatsApp<\/h3>\t\t\t\t<\/div>\n\t\t\t\t<div class=\"elementor-element elementor-element-3c6d4c2 elementor-widget elementor-widget-heading\" data-id=\"3c6d4c2\" data-element_type=\"widget\" data-widget_type=\"heading.default\">\n\t\t\t\t\t<p class=\"elementor-heading-title elementor-size-default\"><a href=\"https:\/\/api.whatsapp.com\/send?phone=5511946118496&#038;text=Ol%C3%A1!%20Vim%20atrav%C3%A9s%20do%20site%20e%20gostaria%20de%20mais%20informa%C3%A7%C3%B5es.\" target=\"_blank\">+55 (11) 94611-8496<\/a><\/p>\t\t\t\t<\/div>\n\t\t\t\t<div class=\"elementor-element elementor-element-99f2c47 elementor-widget-divider--view-line elementor-widget elementor-widget-divider\" data-id=\"99f2c47\" data-element_type=\"widget\" data-widget_type=\"divider.default\">\n\t\t\t\t\t\t\t<div class=\"elementor-divider\">\n\t\t\t<span class=\"elementor-divider-separator\">\n\t\t\t\t\t\t<\/span>\n\t\t<\/div>\n\t\t\t\t\t\t<\/div>\n\t\t\t\t<div class=\"elementor-element elementor-element-e51fb6e elementor-widget elementor-widget-heading\" data-id=\"e51fb6e\" data-element_type=\"widget\" data-widget_type=\"heading.default\">\n\t\t\t\t\t<h3 class=\"elementor-heading-title elementor-size-default\">Onde estamos<\/h3>\t\t\t\t<\/div>\n\t\t\t\t<div class=\"elementor-element elementor-element-b8486a4 elementor-widget elementor-widget-heading\" data-id=\"b8486a4\" data-element_type=\"widget\" data-widget_type=\"heading.default\">\n\t\t\t\t\t<p class=\"elementor-heading-title elementor-size-default\">Pra\u00e7a Chu\u00ed, 35 - Vila Ema<br> S\u00e3o Jos\u00e9 dos Campos \/ SP<br> CEP: 12243-380<\/p>\t\t\t\t<\/div>\n\t\t\t\t<\/div>\n\t\t<div class=\"elementor-element elementor-element-6713507 e-con-full e-flex e-con e-child\" data-id=\"6713507\" data-element_type=\"container\">\n\t\t\t\t<div class=\"elementor-element elementor-element-c5898e3 elementor-button-align-stretch elementor-widget elementor-widget-form\" data-id=\"c5898e3\" data-element_type=\"widget\" data-settings=\"{&quot;step_next_label&quot;:&quot;Next&quot;,&quot;step_previous_label&quot;:&quot;Previous&quot;,&quot;button_width&quot;:&quot;100&quot;,&quot;step_type&quot;:&quot;number_text&quot;,&quot;step_icon_shape&quot;:&quot;circle&quot;}\" data-widget_type=\"form.default\">\n\t\t\t\t\t\t\t<form class=\"elementor-form\" method=\"post\" name=\"Formul\u00e1rio de Contato\">\n\t\t\t<input type=\"hidden\" name=\"post_id\" value=\"16\"\/>\n\t\t\t<input type=\"hidden\" name=\"form_id\" value=\"c5898e3\"\/>\n\t\t\t<input type=\"hidden\" name=\"referer_title\" value=\"Contato - Open Solutions\" \/>\n\n\t\t\t\t\t\t\t<input type=\"hidden\" name=\"queried_id\" value=\"16\"\/>\n\t\t\t\n\t\t\t<div class=\"elementor-form-fields-wrapper elementor-labels-above\">\n\t\t\t\t\t\t\t\t<div class=\"elementor-field-type-text elementor-field-group elementor-column elementor-field-group-nome elementor-col-50 elementor-field-required\">\n\t\t\t\t\t\t\t\t\t\t\t\t<label for=\"form-field-nome\" class=\"elementor-field-label\">\n\t\t\t\t\t\t\t\tNome\t\t\t\t\t\t\t<\/label>\n\t\t\t\t\t\t\t\t\t\t\t\t\t\t<input size=\"1\" type=\"text\" name=\"form_fields[nome]\" id=\"form-field-nome\" class=\"elementor-field elementor-size-md  elementor-field-textual\" placeholder=\"Seu nome\" required=\"required\">\n\t\t\t\t\t\t\t\t\t\t\t<\/div>\n\t\t\t\t\t\t\t\t<div class=\"elementor-field-type-email elementor-field-group elementor-column elementor-field-group-email elementor-col-50 elementor-field-required\">\n\t\t\t\t\t\t\t\t\t\t\t\t<label for=\"form-field-email\" class=\"elementor-field-label\">\n\t\t\t\t\t\t\t\tE-mail\t\t\t\t\t\t\t<\/label>\n\t\t\t\t\t\t\t\t\t\t\t\t\t\t<input size=\"1\" type=\"email\" name=\"form_fields[email]\" id=\"form-field-email\" class=\"elementor-field elementor-size-md  elementor-field-textual\" placeholder=\"email@email.com.br\" required=\"required\">\n\t\t\t\t\t\t\t\t\t\t\t<\/div>\n\t\t\t\t\t\t\t\t<div class=\"elementor-field-type-text elementor-field-group elementor-column elementor-field-group-telefone elementor-col-50 elementor-field-required\">\n\t\t\t\t\t\t\t\t\t\t\t\t<label for=\"form-field-telefone\" class=\"elementor-field-label\">\n\t\t\t\t\t\t\t\tTelefone \/ WhatsApp\t\t\t\t\t\t\t<\/label>\n\t\t\t\t\t\t\t\t\t\t\t\t\t\t<input size=\"1\" type=\"text\" name=\"form_fields[telefone]\" id=\"form-field-telefone\" class=\"elementor-field elementor-size-md  elementor-field-textual\" placeholder=\"(00) 00000-0000\" required=\"required\">\n\t\t\t\t\t\t\t\t\t\t\t<\/div>\n\t\t\t\t\t\t\t\t<div class=\"elementor-field-type-text elementor-field-group elementor-column elementor-field-group-empresa elementor-col-50 elementor-field-required\">\n\t\t\t\t\t\t\t\t\t\t\t\t<label for=\"form-field-empresa\" class=\"elementor-field-label\">\n\t\t\t\t\t\t\t\tEmpresa\t\t\t\t\t\t\t<\/label>\n\t\t\t\t\t\t\t\t\t\t\t\t\t\t<input size=\"1\" type=\"text\" name=\"form_fields[empresa]\" id=\"form-field-empresa\" class=\"elementor-field elementor-size-md  elementor-field-textual\" placeholder=\"Linkedin\" required=\"required\">\n\t\t\t\t\t\t\t\t\t\t\t<\/div>\n\t\t\t\t\t\t\t\t<div class=\"elementor-field-type-text elementor-field-group elementor-column elementor-field-group-cidade elementor-col-50 elementor-field-required\">\n\t\t\t\t\t\t\t\t\t\t\t\t<label for=\"form-field-cidade\" class=\"elementor-field-label\">\n\t\t\t\t\t\t\t\tCidade \/ Estado\t\t\t\t\t\t\t<\/label>\n\t\t\t\t\t\t\t\t\t\t\t\t\t\t<input size=\"1\" type=\"text\" name=\"form_fields[cidade]\" id=\"form-field-cidade\" class=\"elementor-field elementor-size-md  elementor-field-textual\" placeholder=\"Onde fica seu neg\u00f3cio?\" required=\"required\">\n\t\t\t\t\t\t\t\t\t\t\t<\/div>\n\t\t\t\t\t\t\t\t<div class=\"elementor-field-type-select elementor-field-group elementor-column elementor-field-group-como_encontrou elementor-col-50 elementor-field-required\">\n\t\t\t\t\t\t\t\t\t\t\t\t<label for=\"form-field-como_encontrou\" class=\"elementor-field-label\">\n\t\t\t\t\t\t\t\tComo nos encontrou?\t\t\t\t\t\t\t<\/label>\n\t\t\t\t\t\t\t\t<div class=\"elementor-field elementor-select-wrapper remove-before \">\n\t\t\t<div class=\"select-caret-down-wrapper\">\n\t\t\t\t<svg aria-hidden=\"true\" class=\"e-font-icon-svg e-eicon-caret-down\" viewBox=\"0 0 571.4 571.4\" xmlns=\"http:\/\/www.w3.org\/2000\/svg\"><path d=\"M571 393Q571 407 561 418L311 668Q300 679 286 679T261 668L11 418Q0 407 0 393T11 368 36 357H536Q550 357 561 368T571 393Z\"><\/path><\/svg>\t\t\t<\/div>\n\t\t\t<select name=\"form_fields[como_encontrou]\" id=\"form-field-como_encontrou\" class=\"elementor-field-textual elementor-size-md\" required=\"required\">\n\t\t\t\t\t\t\t\t\t<option value=\"\">Selecione...<\/option>\n\t\t\t\t\t\t\t\t\t<option value=\"Indica\u00e7\u00e3o\">Indica\u00e7\u00e3o<\/option>\n\t\t\t\t\t\t\t\t\t<option value=\"Google\">Google<\/option>\n\t\t\t\t\t\t\t\t\t<option value=\"Facebook\">Facebook<\/option>\n\t\t\t\t\t\t\t\t\t<option value=\"Instagram\">Instagram<\/option>\n\t\t\t\t\t\t\t\t\t<option value=\"LinkedIn\">LinkedIn<\/option>\n\t\t\t\t\t\t\t\t\t<option value=\"Outro\">Outro<\/option>\n\t\t\t\t\t\t\t<\/select>\n\t\t<\/div>\n\t\t\t\t\t\t<\/div>\n\t\t\t\t\t\t\t\t<div class=\"elementor-field-type-checkbox elementor-field-group elementor-column elementor-field-group-servicos elementor-col-100\">\n\t\t\t\t\t\t\t\t\t\t\t\t<label for=\"form-field-servicos\" class=\"elementor-field-label\">\n\t\t\t\t\t\t\t\tSelecione os servi\u00e7os que deseja na proposta\t\t\t\t\t\t\t<\/label>\n\t\t\t\t\t\t<div class=\"elementor-field-subgroup  elementor-subgroup-inline\"><span class=\"elementor-field-option\"><input type=\"checkbox\" value=\"Ordem de Produ\u00e7\u00e3o\" id=\"form-field-servicos-0\" name=\"form_fields[servicos][]\"> <label for=\"form-field-servicos-0\">Ordem de Produ\u00e7\u00e3o<\/label><\/span><span class=\"elementor-field-option\"><input type=\"checkbox\" value=\"Precifica\u00e7\u00e3o\" id=\"form-field-servicos-1\" name=\"form_fields[servicos][]\"> <label for=\"form-field-servicos-1\">Precifica\u00e7\u00e3o<\/label><\/span><span class=\"elementor-field-option\"><input type=\"checkbox\" value=\"Controle de Qualidade\" id=\"form-field-servicos-2\" name=\"form_fields[servicos][]\"> <label for=\"form-field-servicos-2\">Controle de Qualidade<\/label><\/span><span class=\"elementor-field-option\"><input type=\"checkbox\" value=\"Log\u00edstica\" id=\"form-field-servicos-3\" name=\"form_fields[servicos][]\"> <label for=\"form-field-servicos-3\">Log\u00edstica<\/label><\/span><span class=\"elementor-field-option\"><input type=\"checkbox\" value=\"Manuten\u00e7\u00e3o\" id=\"form-field-servicos-4\" name=\"form_fields[servicos][]\"> <label for=\"form-field-servicos-4\">Manuten\u00e7\u00e3o<\/label><\/span><span class=\"elementor-field-option\"><input type=\"checkbox\" value=\"GGF\" id=\"form-field-servicos-5\" name=\"form_fields[servicos][]\"> <label for=\"form-field-servicos-5\">GGF<\/label><\/span><span class=\"elementor-field-option\"><input type=\"checkbox\" value=\"APS MRP II\" id=\"form-field-servicos-6\" name=\"form_fields[servicos][]\"> <label for=\"form-field-servicos-6\">APS MRP II<\/label><\/span><span class=\"elementor-field-option\"><input type=\"checkbox\" value=\"Budget\" id=\"form-field-servicos-7\" name=\"form_fields[servicos][]\"> <label for=\"form-field-servicos-7\">Budget<\/label><\/span><span class=\"elementor-field-option\"><input type=\"checkbox\" value=\"MES\" id=\"form-field-servicos-8\" name=\"form_fields[servicos][]\"> <label for=\"form-field-servicos-8\">MES<\/label><\/span><span class=\"elementor-field-option\"><input type=\"checkbox\" value=\"Ind\u00fastria 4.0\" id=\"form-field-servicos-9\" name=\"form_fields[servicos][]\"> <label for=\"form-field-servicos-9\">Ind\u00fastria 4.0<\/label><\/span><\/div>\t\t\t\t<\/div>\n\t\t\t\t\t\t\t\t<div class=\"elementor-field-type-textarea elementor-field-group elementor-column elementor-field-group-mensagem elementor-col-100 elementor-field-required\">\n\t\t\t\t\t\t\t\t\t\t\t\t<label for=\"form-field-mensagem\" class=\"elementor-field-label\">\n\t\t\t\t\t\t\t\tEscreve uma mensagem e observa\u00e7\u00f5es sobre sua solicita\u00e7\u00e3o\t\t\t\t\t\t\t<\/label>\n\t\t\t\t\t\t<textarea class=\"elementor-field-textual elementor-field  elementor-size-md\" name=\"form_fields[mensagem]\" id=\"form-field-mensagem\" rows=\"4\" required=\"required\"><\/textarea>\t\t\t\t<\/div>\n\t\t\t\t\t\t\t\t<div class=\"elementor-field-type-acceptance elementor-field-group elementor-column elementor-field-group-termos elementor-col-100 elementor-field-required\">\n\t\t\t\t\t\t\t<div class=\"elementor-field-subgroup\">\n\t\t\t<span class=\"elementor-field-option\">\n\t\t\t\t<input type=\"checkbox\" name=\"form_fields[termos]\" id=\"form-field-termos\" class=\"elementor-field elementor-size-md  elementor-acceptance-field\" required=\"required\">\n\t\t\t\t<label for=\"form-field-termos\">Li, entendi e estou de acordo com a <a href=\"https:\/\/dev.midiasim.net.br\/sintese-servicos\/politica-de-privacidade\" target=\"_blank\">Pol\u00edtica de Privacidade<\/a>.<\/label>\t\t\t<\/span>\n\t\t<\/div>\n\t\t\t\t\t\t<\/div>\n\t\t\t\t\t\t\t\t<div class=\"elementor-field-group elementor-column elementor-field-type-submit elementor-col-100 e-form__buttons\">\n\t\t\t\t\t<button class=\"elementor-button elementor-size-lg\" type=\"submit\" id=\"btn-enviar\">\n\t\t\t\t\t\t<span class=\"elementor-button-content-wrapper\">\n\t\t\t\t\t\t\t\t\t\t\t\t\t\t\t\t\t\t\t\t\t\t<span class=\"elementor-button-text\">Enviar Solicita\u00e7\u00e3o<\/span>\n\t\t\t\t\t\t\t\t\t\t\t\t\t<\/span>\n\t\t\t\t\t<\/button>\n\t\t\t\t<\/div>\n\t\t\t<\/div>\n\t\t<\/form>\n\t\t\t\t\t\t<\/div>\n\t\t\t\t<div class=\"elementor-element elementor-element-88f5885 elementor-widget elementor-widget-html\" data-id=\"88f5885\" data-element_type=\"widget\" data-widget_type=\"html.default\">\n\t\t\t\t\t<script>\n    document.addEventListener(\"DOMContentLoaded\", function () {\n    const inputTelefone = document.getElementById(\"form-field-telefone\");\n\n    inputTelefone.addEventListener(\"input\", function () {\n        let value = inputTelefone.value.replace(\/\\D\/g, \"\"); \/\/ Remove tudo que n\u00e3o for n\u00famero\n\n        if (value.length > 11) {\n            value = value.substring(0, 11); \/\/ Limita a 11 caracteres (DDD + n\u00famero)\n        }\n\n        \/\/ Aplica a m\u00e1scara desde o primeiro caractere\n        if (value.length <= 10) {\n            \/\/ Formato para telefone fixo (XX) XXXX-XXXX\n            value = value.replace(\/(\\d{0,2})(\\d{0,4})(\\d{0,4})\/, function (match, p1, p2, p3) {\n                return (p1 ? `(${p1}` : \"\") + (p2 ? `) ${p2}` : \"\") + (p3 ? `-${p3}` : \"\");\n            });\n        } else {\n            \/\/ Formato para celular (XX) XXXXX-XXXX\n            value = value.replace(\/(\\d{0,2})(\\d{0,5})(\\d{0,4})\/, function (match, p1, p2, p3) {\n                return (p1 ? `(${p1}` : \"\") + (p2 ? `) ${p2}` : \"\") + (p3 ? `-${p3}` : \"\");\n            });\n        }\n\n        inputTelefone.value = value;\n    });\n\n    inputTelefone.addEventListener(\"blur\", function () {\n        if (inputTelefone.value.length < 14) {\n            inputTelefone.value = \"\"; \/\/ Reseta caso seja um n\u00famero incompleto\n        }\n    });\n});\n\n\n<\/script>\t\t\t\t<\/div>\n\t\t\t\t<\/div>\n\t\t\t\t\t<\/div>\n\t\t\t\t<\/div>\n\t\t\t\t<\/div>\n\t\t","protected":false},"excerpt":{"rendered":"<p>Contato Temos uma equipe t\u00e9cnica e preparada para atend\u00ea-lo(a)! E-mail contato@opensolutions.net.br WhatsApp +55 (11) 94611-8496 Onde estamos Pra\u00e7a Chu\u00ed, 35 &#8211; Vila Ema S\u00e3o Jos\u00e9 dos Campos \/ SP CEP: 12243-380<\/p>\n","protected":false},"author":1,"featured_media":0,"parent":0,"menu_order":0,"comment_status":"closed","ping_status":"closed","template":"elementor_header_footer","meta":{"ms_cases_youtube_url":"","footnotes":""},"class_list":["post-16","page","type-page","status-publish","hentry"],"yoast_head":"<!-- This site is optimized with the Yoast SEO plugin v27.4 - https:\/\/yoast.com\/product\/yoast-seo-wordpress\/ -->\n<title>Contato - Open Solutions<\/title>\n<meta name=\"robots\" content=\"noindex, follow, max-snippet:-1, max-image-preview:large, max-video-preview:-1\" \/>\n<meta property=\"og:locale\" content=\"pt_BR\" \/>\n<meta property=\"og:type\" content=\"article\" \/>\n<meta property=\"og:title\" content=\"Contato - Open Solutions\" \/>\n<meta property=\"og:description\" content=\"Contato Temos uma equipe t\u00e9cnica e preparada para atend\u00ea-lo(a)! E-mail contato@opensolutions.net.br WhatsApp +55 (11) 94611-8496 Onde estamos Pra\u00e7a Chu\u00ed, 35 &#8211; Vila Ema S\u00e3o Jos\u00e9 dos Campos \/ SP CEP: 12243-380\" \/>\n<meta property=\"og:url\" content=\"https:\/\/dev.midiasim.net.br\/opensolutions\/contato\/\" \/>\n<meta property=\"og:site_name\" content=\"Open Solutions\" \/>\n<meta property=\"article:modified_time\" content=\"2025-10-06T01:49:15+00:00\" \/>\n<meta name=\"twitter:card\" content=\"summary_large_image\" \/>\n<meta name=\"twitter:label1\" content=\"Est. tempo de leitura\" \/>\n\t<meta name=\"twitter:data1\" content=\"1 minuto\" \/>\n<script type=\"application\/ld+json\" class=\"yoast-schema-graph\">{\"@context\":\"https:\\\/\\\/schema.org\",\"@graph\":[{\"@type\":\"WebPage\",\"@id\":\"https:\\\/\\\/dev.midiasim.net.br\\\/opensolutions\\\/contato\\\/\",\"url\":\"https:\\\/\\\/dev.midiasim.net.br\\\/opensolutions\\\/contato\\\/\",\"name\":\"Contato - Open Solutions\",\"isPartOf\":{\"@id\":\"https:\\\/\\\/dev.midiasim.net.br\\\/opensolutions\\\/#website\"},\"datePublished\":\"2025-05-20T13:33:28+00:00\",\"dateModified\":\"2025-10-06T01:49:15+00:00\",\"breadcrumb\":{\"@id\":\"https:\\\/\\\/dev.midiasim.net.br\\\/opensolutions\\\/contato\\\/#breadcrumb\"},\"inLanguage\":\"pt-BR\",\"potentialAction\":[{\"@type\":\"ReadAction\",\"target\":[\"https:\\\/\\\/dev.midiasim.net.br\\\/opensolutions\\\/contato\\\/\"]}]},{\"@type\":\"BreadcrumbList\",\"@id\":\"https:\\\/\\\/dev.midiasim.net.br\\\/opensolutions\\\/contato\\\/#breadcrumb\",\"itemListElement\":[{\"@type\":\"ListItem\",\"position\":1,\"name\":\"In\u00edcio\",\"item\":\"https:\\\/\\\/dev.midiasim.net.br\\\/opensolutions\\\/\"},{\"@type\":\"ListItem\",\"position\":2,\"name\":\"Contato\"}]},{\"@type\":\"WebSite\",\"@id\":\"https:\\\/\\\/dev.midiasim.net.br\\\/opensolutions\\\/#website\",\"url\":\"https:\\\/\\\/dev.midiasim.net.br\\\/opensolutions\\\/\",\"name\":\"Open Solutions\",\"description\":\"Controle e gest\u00e3o de manufatura definitivo para SAP Business One\",\"publisher\":{\"@id\":\"https:\\\/\\\/dev.midiasim.net.br\\\/opensolutions\\\/#organization\"},\"potentialAction\":[{\"@type\":\"SearchAction\",\"target\":{\"@type\":\"EntryPoint\",\"urlTemplate\":\"https:\\\/\\\/dev.midiasim.net.br\\\/opensolutions\\\/?s={search_term_string}\"},\"query-input\":{\"@type\":\"PropertyValueSpecification\",\"valueRequired\":true,\"valueName\":\"search_term_string\"}}],\"inLanguage\":\"pt-BR\"},{\"@type\":\"Organization\",\"@id\":\"https:\\\/\\\/dev.midiasim.net.br\\\/opensolutions\\\/#organization\",\"name\":\"Open Solutions\",\"url\":\"https:\\\/\\\/dev.midiasim.net.br\\\/opensolutions\\\/\",\"logo\":{\"@type\":\"ImageObject\",\"inLanguage\":\"pt-BR\",\"@id\":\"https:\\\/\\\/dev.midiasim.net.br\\\/opensolutions\\\/#\\\/schema\\\/logo\\\/image\\\/\",\"url\":\"https:\\\/\\\/dev.midiasim.net.br\\\/opensolutions\\\/wp-content\\\/uploads\\\/2025\\\/05\\\/logo-open-solutions.png\",\"contentUrl\":\"https:\\\/\\\/dev.midiasim.net.br\\\/opensolutions\\\/wp-content\\\/uploads\\\/2025\\\/05\\\/logo-open-solutions.png\",\"width\":515,\"height\":223,\"caption\":\"Open Solutions\"},\"image\":{\"@id\":\"https:\\\/\\\/dev.midiasim.net.br\\\/opensolutions\\\/#\\\/schema\\\/logo\\\/image\\\/\"}}]}<\/script>\n<!-- \/ Yoast SEO plugin. -->","yoast_head_json":{"title":"Contato - Open Solutions","robots":{"index":"noindex","follow":"follow","max-snippet":"max-snippet:-1","max-image-preview":"max-image-preview:large","max-video-preview":"max-video-preview:-1"},"og_locale":"pt_BR","og_type":"article","og_title":"Contato - Open Solutions","og_description":"Contato Temos uma equipe t\u00e9cnica e preparada para atend\u00ea-lo(a)! E-mail contato@opensolutions.net.br WhatsApp +55 (11) 94611-8496 Onde estamos Pra\u00e7a Chu\u00ed, 35 &#8211; Vila Ema S\u00e3o Jos\u00e9 dos Campos \/ SP CEP: 12243-380","og_url":"https:\/\/dev.midiasim.net.br\/opensolutions\/contato\/","og_site_name":"Open Solutions","article_modified_time":"2025-10-06T01:49:15+00:00","twitter_card":"summary_large_image","twitter_misc":{"Est. tempo de leitura":"1 minuto"},"schema":{"@context":"https:\/\/schema.org","@graph":[{"@type":"WebPage","@id":"https:\/\/dev.midiasim.net.br\/opensolutions\/contato\/","url":"https:\/\/dev.midiasim.net.br\/opensolutions\/contato\/","name":"Contato - Open Solutions","isPartOf":{"@id":"https:\/\/dev.midiasim.net.br\/opensolutions\/#website"},"datePublished":"2025-05-20T13:33:28+00:00","dateModified":"2025-10-06T01:49:15+00:00","breadcrumb":{"@id":"https:\/\/dev.midiasim.net.br\/opensolutions\/contato\/#breadcrumb"},"inLanguage":"pt-BR","potentialAction":[{"@type":"ReadAction","target":["https:\/\/dev.midiasim.net.br\/opensolutions\/contato\/"]}]},{"@type":"BreadcrumbList","@id":"https:\/\/dev.midiasim.net.br\/opensolutions\/contato\/#breadcrumb","itemListElement":[{"@type":"ListItem","position":1,"name":"In\u00edcio","item":"https:\/\/dev.midiasim.net.br\/opensolutions\/"},{"@type":"ListItem","position":2,"name":"Contato"}]},{"@type":"WebSite","@id":"https:\/\/dev.midiasim.net.br\/opensolutions\/#website","url":"https:\/\/dev.midiasim.net.br\/opensolutions\/","name":"Open Solutions","description":"Controle e gest\u00e3o de manufatura definitivo para SAP Business One","publisher":{"@id":"https:\/\/dev.midiasim.net.br\/opensolutions\/#organization"},"potentialAction":[{"@type":"SearchAction","target":{"@type":"EntryPoint","urlTemplate":"https:\/\/dev.midiasim.net.br\/opensolutions\/?s={search_term_string}"},"query-input":{"@type":"PropertyValueSpecification","valueRequired":true,"valueName":"search_term_string"}}],"inLanguage":"pt-BR"},{"@type":"Organization","@id":"https:\/\/dev.midiasim.net.br\/opensolutions\/#organization","name":"Open Solutions","url":"https:\/\/dev.midiasim.net.br\/opensolutions\/","logo":{"@type":"ImageObject","inLanguage":"pt-BR","@id":"https:\/\/dev.midiasim.net.br\/opensolutions\/#\/schema\/logo\/image\/","url":"https:\/\/dev.midiasim.net.br\/opensolutions\/wp-content\/uploads\/2025\/05\/logo-open-solutions.png","contentUrl":"https:\/\/dev.midiasim.net.br\/opensolutions\/wp-content\/uploads\/2025\/05\/logo-open-solutions.png","width":515,"height":223,"caption":"Open Solutions"},"image":{"@id":"https:\/\/dev.midiasim.net.br\/opensolutions\/#\/schema\/logo\/image\/"}}]}},"_links":{"self":[{"href":"https:\/\/dev.midiasim.net.br\/opensolutions\/wp-json\/wp\/v2\/pages\/16","targetHints":{"allow":["GET"]}}],"collection":[{"href":"https:\/\/dev.midiasim.net.br\/opensolutions\/wp-json\/wp\/v2\/pages"}],"about":[{"href":"https:\/\/dev.midiasim.net.br\/opensolutions\/wp-json\/wp\/v2\/types\/page"}],"author":[{"embeddable":true,"href":"https:\/\/dev.midiasim.net.br\/opensolutions\/wp-json\/wp\/v2\/users\/1"}],"replies":[{"embeddable":true,"href":"https:\/\/dev.midiasim.net.br\/opensolutions\/wp-json\/wp\/v2\/comments?post=16"}],"version-history":[{"count":31,"href":"https:\/\/dev.midiasim.net.br\/opensolutions\/wp-json\/wp\/v2\/pages\/16\/revisions"}],"predecessor-version":[{"id":2298,"href":"https:\/\/dev.midiasim.net.br\/opensolutions\/wp-json\/wp\/v2\/pages\/16\/revisions\/2298"}],"wp:attachment":[{"href":"https:\/\/dev.midiasim.net.br\/opensolutions\/wp-json\/wp\/v2\/media?parent=16"}],"curies":[{"name":"wp","href":"https:\/\/api.w.org\/{rel}","templated":true}]}}